2021111012
-11122110011 (base 3) to base 13
-3281b
What is -98844 (base 10) in base 7?
-561114
What is -b640d (base 16) in base 2?
-10110110010000001101
Convert 2b19a1 (base 13) to base 11.
664938
-1042012 (base 5) to base 3
-221012211
Convert -96a84 (base 16) to base 3.
-1011100111021
-287032 (base 13) to base 6
-33051034
110301212 (base 4) to base 5
10210334
Convert 522143 (base 7) to base 9.
145818
-280058 (base 10) to base 11
-181459
-1785824 (base 11) to base 5
-1233224240
Convert 113212333 (base 4) to base 3.
11220122121
What is -3320004 (base 5) in base 6?
-1122120
What is 10010101110010100111001 (base 2) in base 14?
91aa81
502665 (base 8) to base 15
33ea1
Convert 2254264 (base 8) to base 9.
1133211
-155233 (base 7) to base 6
-353521
1c4af (base 16) to base 10
115887
Convert 1025403004 (base 6) to base 5.
10242340404
Convert 27b88 (base 14) to base 3.
11222212100
What is -16a322 (base 14) in base 3?
-1111110102111
-19389 (base 15) to base 2
-10011111110001100
-2110012001 (base 3) to base 2
-1011110001111010
What is -1303221021 (base 4) in base 13?
-1377a5
1152543 (base 7) to base 4
203333133
10c2 (base 13) to base 11
1851
-100255401 (base 7) to base 11
-330a989
Convert 152416 (base 9) to base 14.
261b5
What is -23320123332 (base 4) in base 6?
-150432050
-202001121 (base 4) to base 10
-139353
What is -1067103 (base 8) in base 7?
-2316364
8454a2 (base 13) to base 2
1011110011111100111101
Convert -3a90b2 (base 13) to base 3.
-2200010001122
What is 3023432402 (base 5) in base 2?
10111001011101100101011
What is 1001001110110001 (base 2) in base 13?
14295
-324507 (base 9) to base 12
-94051
What is 249918 (base 10) in base 6?
5205010
Convert -1203010121 (base 4) to base 3.
-202121122002
-55198 (base 10) to base 13
-1c180
Convert -27683 (base 12) to base 14.
-15c31
Convert 77b4c (base 14) to base 7.
2316325
Convert -8a7a6 (base 13) to base 10.
-251777
Convert cbadb5 (base 16) to base 12.
4578845
Convert -13a3365 (base 13) to base 9.
-12650647
Convert -162365 (base 13) to base 9.
-1024202
Convert -2298496 (base 12) to base 6.
-354551110
9a7148 (base 12) to base 15
33897e
-1150a1 (base 11) to base 8
-544272
Convert 488aec (base 15) to base 7.
41340240
Convert -11122022010 (base 3) to base 8.
-262320
What is -7704011 (base 8) in base 6?
-112142505
1723303 (base 13) to base 10
7490083
Convert 4040a (base 12) to base 8.
243112
What is 8612583 (base 10) in base 13?
1a27205
Convert 423689 (base 12) to base 14.
1d2129
Convert 24234160 (base 7) to base 5.
1023104322
Convert 400320 (base 5) to base 4.
3010221
Convert -32120001323 (base 4) to base 6.
-212434255
159a05 (base 14) to base 12
3059b1
Convert -3101210003 (base 5) to base 15.
-83d7bd
What is -1443331030 (base 5) in base 11?
-22149a2
What is -2995540 (base 10) in base 2?
-1011011011010101010100
Convert 554432 (base 6) to base 11.
31941
What is -1766959 (base 10) in base 2?
-110101111011000101111
5202726 (base 8) to base 14
27c14a
What is 1374677 (base 14) in base 4?
203330310301
-20121101222021 (base 3) to base 5
-1344332243
What is 36a49d (base 15) in base 4?
21332311201
-1011021020 (base 4) to base 3
-112101111012
Convert 125118 (base 10) to base 13.
44c46
Convert 212030343 (base 5) to base 16.
d9eb6
Convert 40003001 (base 7) to base 6.
154343322
What is 13023300 (base 5) in base 6?
2414324
-11000110110100011111001 (base 2) to base 16
-6368f9
What is -10b3237 (base 15) in base 5?
-11030130002
What is -3a6818 (base 11) in base 15?
-c92e1
Convert 2122151 (base 6) to base 15.
20d04
Convert -3511cd (base 15) to base 9.
-4683374
Convert 130654 (base 8) to base 15.
d724
Convert b40ac (base 13) to base 14.
85a69
What is -ebc6 (base 15) in base 9?
-75416
1201213022 (base 4) to base 14
a59c6
What is 55b37 (base 12) in base 7?
653131
-5a1ac9 (base 16) to base 14
-ada009
Convert 232220010 (base 4) to base 8.
565004
Convert 24a22 (base 13) to base 7.
401111
Convert -3150001 (base 8) to base 13.
-23526b
740c0d (base 16) to base 7
121433526
-90474 (base 10) to base 15
-1bc19
What is 33004540 (base 7) in base 8?
12616005
What is 41023034 (base 6) in base 2?
100011101100011111110
Convert -3422525 (base 7) to base 3.
-210122021002
-87617 (base 14) to base 11
-20425a
Convert -1b0202 (base 12) to base 2.
-1110100100000100010
Convert 1165b7 (base 15) to base 10.
831547
Convert 11100110000 (base 3) to base 13.
2cc7c
What is -15529 (base 13) in base 10?
-40426
What is 213204141 (base 5) in base 10?
913046
What is -430015 (base 7) in base 12?
-370b7
What is 4523005 (base 7) in base 9?
1043731
Convert 10010100111100100001 (base 2) to base 6.
21024241
What is -32415 (base 10) in base 12?
-16913
-1bb600 (base 15) to base 13
-385818
2320124 (base 8) to base 16
9a054
424040413 (base 5) to base 6
102122334
Convert 23045bb (base 12) to base 9.
13581588
-16b780 (base 12) to base 13
-10a076
What is 186c3 (base 15) in base 11?
54522
12002202212 (base 3) to base 13
3693b
Convert -1001012131 (base 4) to base 14.
-6d269
What is -2a9066 (base 12) in base 11?
-452490
Convert -253746 (base 8) to base 15.
-1b143
What is -755364 (base 9) in base 8?
-1557056
-11010000001110000 (base 2) to base 14
-2abcc
Convert -825b3 (base 12) to base 13.
-5c613
2b48c3 (base 16) to base 15
3b076a
Convert 24143004 (base 5) to base 15.
468d9
What is 1011012112200 (base 3) in base 2?
10010101111101000110
Convert -313200313232 (base 4) to base 13.
-3026aa7
What is -79320 (base 14) in base 2?
-1000111110101010000
Convert 317ce (base 15) to base 6.
3210535
-613202 (base 8) to base 5
-22433440
Convert -10338a (base 15) to base 8.
-2740401
What is -1001510 (base 6) in base 13?
-1855b
What is -5db2e (base 15) in base 3?
-120012212022
Convert 234104423 (base 5) to base 13.
2bb573
101002211012010 (base 3) to base 12
196b740
What is -110101110011000100 (base 2) in base 14?
-5a43a
Convert a43186 (base 13) to base 14.
71b364
What is -428850 (base 9) in base 10?
-255843
Convert 172293 (base 10) to base 13.
60564
What is 7037213 (base 8) in base 4?
13003322023
-97056 (base 10) to base 14
-27528
21031203021 (base 4) to base 10
2414793
Convert 63330 (base 12) to base 3.
20121102100
Convert 2521362 (base 9) to base 13.
3907ca
What is 22158 (base 14) in base 9?
135261
What is -89902 (base 13) in base 16?
-3cfb8
-137333 (base 11) to base 8
-643242
-25105035 (base 6) to base 11
-4a863a
Convert -1022204 (base 6) to base 4.
-30021130
Convert 1493d (base 16) to base 2.
10100100100111101
What is -14410305 (base 9) in base 4?
-123102001322
Convert -112020122121212 (base 3) to base 9.
-15218555
What is 593a26 (base 12) in base 3?
2201000210110
What is -1110010131 (base 4) in base 14?
-8d6c5
Convert -2320252 (base 6) to base 9.
-201625
Convert 25142447 (base 8) to base 9.
11406632
22a2935 (base 12) to base 5
3202304120
2ca361 (base 13) to base 15
16d3d4
What is 203bb (base 15) in base 4?
120323111
Convert 2b1486 (base 12) to base 5.
141300131
-21002122111 (base 3) to base 6
-2554451
What is -571236 (base 9) in base 4?
-1103201100
-161b56 (base 12) to base 8
-1337462
What is 5054240 (base 8) in base 10?
1333408
Convert -28cb2 (base 16) to base 11.
-1045a0
-766337 (base 11) to base 14
-23bcb6
What is 1030133031 (base 4) in base 12?
131379
What is -48350 (base 10) in base 11?
-33365
What is -2742023 (base 12) in base 13?
-180151b
What is -32885 (base 11) in base 3?
-2102100200
-40345324 (base 6) to base 9
-2141677
4400140 (base 5) to base 4
102110211
What is 3d1a (base 15) in base 16?
3313
What is 100111011010011101110 (base 2) in base 5?
312312002
What is -41041550 (base 6) in base 13?
-3205c8
What is -78c5b (base 15) in base 13?
-105b1b
-16a63a (base 13) to base 9
-1051876
-3ca27c (base 13) to base 3
-2210010211121
Convert 567223 (base 8) to base 11.
1213aa
Convert -367876 (base 12) to base 16.
-d7e1a
What is -11111001101000110 (base 2) in base 13?
-4623b
What is -724656 (base 8) in base 2?
-111010100110101110
Convert 182646 (base 9) to base 2.
11011101101110011
Convert -70bb7 (base 14) to base 16.
-4237d
Convert -652136 (base 7) to base 2.
-11011101111001001
Convert 2143606 (base 7) to base 14.
6bc06
Convert 203222321 (base 4) to base 5.
14133410
What is -52540660 (base 7) in base 11?
-25680a7
Convert 18677 (base 16) to base 6.
2050435
Convert 2332013013 (base 4) to base 8.
